 + 17 = a. Calculate the highest common factor of a and z.
8
Let a(f) = 4*f - 19. Let j be a(8). Calculate the highest common factor of j and 91.
13
Suppose 14 = 3*d - 22. Let w(z) = 4*z - 8. Let c be w(d). What is the highest common divisor of c and 10?
10
Suppose -4*r = -2*v - 112 + 564, 0 = 3*r - 9. What is the greatest common factor of 29 and v?
29
Let l(x) = -x**2 - 8*x + 13. Let r be l(-9). Let j = -2 + r. Suppose 3*n - 12 = j*n. What is the greatest common factor of n and 132?
12
Suppose -3*z + 317 = 4*w, -2*w + 0*z + 5*z + 139 = 0. Calculate the highest common divisor of 22 and w.
11
Suppose -2*w - 10 = -2*s + 2, 2*s - 3 = -w. Let q = 12 + w. Let t(y) = y + 10. Let g be t(q). What is the greatest common factor of 19 and g?
19
Let o = -14 - -20. Suppose -4*g - o = -26. Suppose -g*w + 360 = -0*w. What is the highest common divisor of 8 and w?
8
Let b be 0 + 2 - (-3 + -7). Calculate the highest common divisor of 30 and b.
6
Suppose -4*d - d + 3020 = 0. Suppose 0 = 5*s + 4*n - 96 - 662, 4*n - d = -4*s. Let m = 14 + 0. Calculate the greatest common factor of m and s.
14
Suppose -6*j = -4*j - 6. Suppose -35*m + 81 = -32*m. Calculate the greatest common factor of m and j.
3
Suppose -6*j + 40 = -38. Calculate the highest common divisor of j and 13.
13
Suppose 11*a = -643 + 3668. What is the greatest common divisor of 25 and a?
25
Let p(y) = y**2 + 6*y - 9. Let b be p(-8). Suppose 3*l = 4*h - 97, h + 5*l + 0 = b. Calculate the greatest common factor of h and 33.
11
Suppose 4*u - 54 = -2*p, -4*u - 27 = -p + 12. Let d = 43 - p. Calculate the highest common factor of 3 and d.
3
Let j(l) = 18*l**2 - 2*l - 5. Let n be j(4). What is the highest common divisor of n and 25?
25
Suppose -2 = 2*g, -2*b + 135 = 5*g - 124. Calculate the greatest common factor of b and 12.
12
Let o(m) = m**3 - 7*m**2 + 7*m - 4. Let b be o(6). Let d(h) = h**2 - 1. Let u be d(3). Calculate the greatest common factor of u and b.
2
Suppose 0 = -3*s + i + 8, -2 = 4*s + 5*i - 0. Let d(k) = -2*k**s - 1 + 3*k**2 + 7. Let j be d(8). Calculate the greatest common factor of 28 and j.
14
Let z(d) = -32*d**3 + 2*d**2 + d. Let q be z(-1). What is the highest common factor of q and 22?
11
Let u be (24/(-30))/(3 + 1581/(-525)). Suppose -21 = 4*a - 61. Calculate the greatest common factor of u and a.
10
Let s = 39 + -23. Let r be (-18 - 0)/((-24)/s). Suppose 3*d = 6*b - b + 247, -5*b + 5 = 0. Calculate the highest common divisor of r and d.
12
Let b be 4/(-6)*-1*84. Suppose -3*q - 8 = -b. Suppose k + 2 - q = 0. Calculate the greatest common divisor of k and 14.
14
Let x(u) = -u + 9. Let w be x(7). Let b(f) = 8*f. Let d be b(w). What is the highest common factor of d and 8?
8
Suppose 0 = -d - 3*i + 6, 0*i = 5*d - 2*i - 13. Suppose -d*a = -2*a - 25. Suppose 5 = -2*l + a. What is the greatest common divisor of l and 110?
10
Suppose x + 12 = 5*x. Suppose -x*s + 5*s - 12 = 0. Let w = s - 1. What is the greatest common factor of w and 50?
5
Suppose 0 = -3*i - 2 + 23. Suppose -z = -w + i, 2*w + 11 = 5*w - 5*z. Let v = 28 - w. Calculate the greatest common divisor of 2 and v.
2
Let a(j) = 361*j + 1. Let p be a(-1). Let w = -248 - p. Suppose 0 = 4*k - k - 48. What is the greatest common divisor of k and w?
16
Suppose w = -y - 0*w + 24, 0 = -4*w - 16. Suppose 5*m = m + y. Calculate the highest common factor of 49 and m.
7
Let r(a) = a**2 - a - 2. Let v be r(3). Suppose 53 - 13 = v*y. What is the greatest common factor of y and 80?
10
Suppose -5*a = -q + 6*q - 10, -5*a - 26 = -4*q. Suppose -2*k = p - 32, -3*k + 17 = q*p - 101. What is the highest common divisor of p and 70?
14
Suppose -4*g - 494 = -6*g. Calculate the greatest common divisor of g and 19.
19
Suppose 3*i = 5*y + 95, -145 = -2*i - 3*i + 5*y. Suppose -6*h = -h - 25. Calculate the greatest common factor of i and h.
5
Let l(v) = v**3 + 0*v**2 + 1 - 2 + 6*v**2 + 7*v. Let x be l(-5). Let o = -2 - x. What is the highest common factor of 81 and o?
9
Let c(r) = -r**2 + 16*r + 15. Let l be c(13). What is the highest common factor of 12 and l?
6
Suppose 14*q - 9*q = 575. Calculate the highest common divisor of 46 and q.
23
Suppose -2*p + 112 = -2*v, 3*p = 4*v + 29 + 141. Calculate the highest common factor of 6 and p.
6
Suppose 2*l - 134 = -4*h, -7*h - 4*l + 103 = -4*h. Let k(f) = -22*f. Let d be k(-1). Calculate the highest common factor of d and h.
11
Let b = 67 + -22. Calculate the greatest common factor of 30 and b.
15
Let q(t) = -8*t + 5. Let a(u) = 1. Let l(j) = 4*a(j) + q(j). Let g be l(-7). Calculate the highest common divisor of g and 13.
13
Let r(i) = -i**2 - 7*i + 7. Let f be r(-7). Suppose 5*t = 53 + 52. Suppose -f = 2*s - t. Calculate the highest common factor of s and 1.
1
Let o be (1 + -6)*18/30. Let m be 6/(o + (-27)/(-6)). Calculate the greatest common divisor of 8 and m.
4
Let y be (-1)/(-4) - (-60)/16. Let o = -1 + y. Let w = 46 + -25. What is the highest common factor of w and o?
3
Suppose -70 = -2*y + 4*k, 10*k - 7*k - 45 = -y. Let b = 34 + -8. What is the greatest common divisor of b and y?
13
Suppose 0 = -g - 11 + 111. Calculate the greatest common divisor of 10 and g.
10
Let n = 2 + 1. Let f(g) = -4 - 3*g - g**2 + n*g**2 + 2*g. Let i be f(4). Calculate the highest common factor of i and 8.
8
Suppose 480 = 4*f + 4*s, f + 61 = 3*s + 181. Suppose u = -u + f. What is the greatest common divisor of u and 12?
12
Let p be (-2)/(-1)*(-170)/(-20). Calculate the greatest common factor of 68 and p.
17
Let f(g) = -g**3 - 8*g**2 - 9*g + 12. Let h be f(-8). What is the greatest common factor of h and 24?
12
Let c(z) = 2*z**3 - 8*z**2 - 9. Let u be c(6). Calculate the highest common factor of u and 15.
15
Let u(g) = -12*g - 3. Let l be u(-2). Let s = -9 + l. Suppose 0*x + 371 = 3*x + 5*c, -2*x = 5*c - 239. What is the greatest common factor of x and s?
12
Suppose 2*u - u + 3 = 0. Let v = 2 - u. Suppose -2*n + 21 = -5*q, -75 = -3*n - 2*n + v*q. Calculate the greatest common divisor of n and 18.
18
Suppose 3*w + 350 = -2*w. Let l be 20/w - 200/(-14). What is the highest common factor of 112 and l?
14
Let o = 7 + 0. Let k = o + -5. What is the highest common divisor of 6 and k?
2
Let r(t) = -4*t**3 + t - 1. Let x be r(1). Let i = 6 + x. Let m = 36 - 18. Calculate the greatest common factor of i and m.
2
Suppose 195 = 3*u + 2*u. Let x(p) = p - 32. Let l be x(0). Let k = l + 45. Calculate the highest common divisor of k and u.
13
Suppose 0 = 5*h - 28 - 2. What is the highest common divisor of 66 and h?
6
Suppose -4*c + 387 = -221. Let h(b) = 3*b - 1. Let m be h(-1). Let n be 1*69/3 + m. Calculate the highest common divisor of c and n.
19
Suppose 0*r + 5*t = r - 27, 2*t = -5*r + 27. Let d = 5 + -13. Let x = d + 22. What is the greatest common divisor of r and x?
7
Suppose 0 = -0*c - 4*c + 60. Calculate the highest common divisor of c and 6.
3
Let f = -5 + 10. Suppose -f*q - 36 = -116. Calculate the highest common factor of q and 16.
16
Suppose -3*w - 4*j = -57, 5*j - 12 = -5*w + 78. Calculate the greatest common factor of 5 and w.
5
Let s = 16 - 10. Suppose -2*h - s + 46 = 0. What is the highest common divisor of 30 and h?
10
Let o be -1*42/2*1. Let f = 26 + o. What is the highest common factor of f and 25?
5
Let j(p) = -40*p**2 - 2*p + p**3 + p**3 + 42*p**2 - 6. Let d be j(3). Calculate the highest common factor of 40 and d.
20
Let d(k) = k**3 - 7*k**2 - 11*k - 17. Let a be d(9). Calculate the highest common divisor of 138 and a.
46
Suppose -25 = -4*h + q, 5*q - 11 + 3 = h. Calculate the highest common factor of h and 63.
7
Let o = -3 + 5. Suppose -i - o + 23 = 2*g, -2*g = -4*i - 26. Let m = 281 - 193. What is the highest common factor of m and g?
11
Let k = 25 - 24. What is the greatest common divisor of k and 1?
1
Let s(q) = q - 3. Let k be s(5). Suppose -3*j - k*v - 2*v + 216 = 0, -2*j + 3*v = -127. Calculate the greatest common factor of 17 and j.
17
Suppose a - 6 = -4, -2*k = 5*a - 478. What is the highest common divisor of 26 and k?
26
Let y be ((-24)/18)/((-1)/3). Calculate the greatest common divisor of y and 6.
2
Suppose 4*k = -4*z + 112, 0 = -z + 5*z + 2*k - 102. What is the highest common divisor of z and 23?
23
Let u = -30 + 50. Calculate the highest common factor of u and 4.
4
Suppose 0 = 3*c - 5*t - 34, 8 = c - t - 0*t. Let q 